)/d*1?
3
Let z = -168 + 326. What is the tens digit of z?
5
Let d = 4 + -4. Suppose d = 2*m - 5*m - 39. Let l = 22 + m. What is the units digit of l?
9
Let j(p) = 12*p + 1. Suppose s + 2*v - 8 = -0*s, 5*v = 5*s - 10. Suppose 8 - 4 = s*m - 3*l, 5*l + 3 = 3*m. What is the units digit of j(m)?
3
Let c be 4 - (2 - (-1 - -2)). Suppose 4*x - 5*u - 18 = -c*u, -5*x + 5*u = -10. What is the units digit of x?
7
Suppose 5*r = 4*i, -2*i + 2*r + 3 = -i. Let z(p) = -2*p - 1. What is the units digit of z(i)?
9
Let n = -1 + 4. Suppose 5*a - 15 = s, s - 6 + n = -4*a. What is the units digit of (1 - 0)/(a/36)?
8
Let k be 8 + -1 + (-7 - -6). Suppose 2*u = k*u - 44. What is the units digit of u?
1
Let j be (1 - 1)/(2 + -1). Suppose j*g = g. Suppose g*i + 5 = i. What is the units digit of i?
5
Let q(d) = -13*d - 14. Let l(u) = -4*u - 5. Let c(o) = 11*l(o) - 4*q(o). Let y be c(-1). Let w(i) = -i - 1. What is the units digit of w(y)?
6
Suppose 4*q - 3*q = 0. Suppose 9 = -q*s + s. What is the units digit of s?
9
Suppose -3*o - 2*m + 7 = -0, -4*o - 2*m + 10 = 0. Suppose -2*x = o*n, -4*n = 5*x - x - 4. What is the units digit of x?
3
Let g(t) = -t**3 - 3*t**2 - 3*t - 4. Let c be g(-3). Suppose c*d + 20 = -4*v - 27, -55 = 5*v + 5*d. What is the units digit of v/(-3) + (-1)/(-3)?
3
Let r(w) = w**2 - 6*w + 2. Let h be r(6). Let d be (2 - 2)/h + 2. Suppose -d*k - k = -12. What is the units digit of k?
4
Let i = -3 + 7. Suppose 2*t = 8, -5*t = -4*g - i*t + 8. Suppose -3*a - 7 = -5*p, a - g*p + 9 + 0 = 0. What is the units digit of a?
6
Let d(b) = -36*b - 4. What is the tens digit of d(-9)?
2
Suppose -14*z = -12*z - 354. What is the hundreds digit of z?
1
Let v be (-6)/8 - (-45)/12. Suppose -4*a + v*r = -5*a + 3, -a + 4*r = -17. What is the units digit of a?
9
Suppose 3*s = s - 2. Let y(u) = -7*u**2 - 1. Let q be y(s). What is the units digit of 2/((-18)/q - 2)?
8
Let n(z) = -z**3 - 3*z**2 - z + 2. Let s be n(-3). Suppose s*w = -3*b + 46, 5*w - 4*b - 40 - 27 = 0. What is the units digit of w?
1
Let f be 5 + -4 - 1*13. What is the units digit of 4/(-24) - 314/f?
6
Let u be 8/36 - (-249)/(-27). Let o be (-2 - (-15)/9)*u. Suppose 0*w = -o*w + 45. What is the units digit of w?
5
Suppose 2*u - u - 224 = 0. What is the hundreds digit of u?
2
Suppose 0 = -4*i + 53 + 27. What is the tens digit of i?
2
Let s = 18 - -7. Let q = 53 - s. What is the units digit of q?
8
Suppose -w - 16 = -5*w, 2*k - 40 = -5*w. What is the units digit of 24/k*(-5 - -15)?
4
Let o(g) = 1 + 0*g + g**3 + g**2 - 4*g + g + 0*g. Let r be o(3). Suppose -2*m + 0 + 24 = -2*w, 3*w - r = -5*m. What is the units digit of m?
8
Suppose -q + 3*o = 1, 0 = -4*q + 3*o - 2*o + 18. Suppose -77 - 5 = -q*g + 4*x, g - 17 = x. What is the tens digit of g?
1
Let r(z) = -z**3 - 2*z**2 - 2*z - 2. Let a be r(-2). Suppose -a*k - 18 = 4*x, 0 = 5*x - k - k. What is the units digit of (-1)/(x/10) + -2?
3
Let n = 492 + -323. What is the hundreds digit of n?
1
Suppose -83 = -3*x - 3*g - 8, 0 = -4*x + 5*g + 73. Suppose 55 = -0*y + 5*y + 5*f, -4*f = 2*y - x. What is the units digit of y?
1
Suppose 0 = 4*v + x, -3*v + 4*x - 14 = -5*v. What is the units digit of 12/(-15)*(v + -19)?
6
Let a be (-1)/(0 - (-3)/(-18)). Let b(j) = 0 - j**2 + a + 0*j**2. What is the units digit of b(0)?
6
Let t(a) = a**2 - 6*a + 7. Let i be t(9). Suppose i = 3*m + 4*v, -m + 56 = m - 4*v. What is the units digit of m?
8
Let n = 86 + -81. Let z = -1 - -1. Suppose z*y + n*y - 5 = 0. What is the units digit of y?
1
Let q = -38 - -88. What is the tens digit of q?
5
Suppose -5*g - 40 = -g. What is the units digit of (g/(-15))/(1/33)?
2
Suppose 3*b + 103 = 2*b - 3*d, -5*b = -d + 563. Let k = -69 - b. What is the units digit of k?
3
What is the tens digit of 874/10 + 6/(-15)?
8
Let m(v) = -2*v + 133. What is the units digit of m(0)?
3
Suppose -5*s = 15, v + 3*s + 6 = -1. Suppose -v*w + 13 = -w + y, w - 19 = 5*y. What is the units digit of w?
4
Let a = 1 - -2. Let u(n) = 0*n**3 + 1 + n - 3*n**a + 2*n**3. What is the units digit of u(0)?
1
What is the tens digit of (11*-1)/((-23)/115)?
5
Suppose 3*b - 144 = 7*b. What is the units digit of (-3 - 7/(-3))*b?
4
Let m(x) = 5*x**2 - 7*x - 11. What is the tens digit of m(-3)?
5
Suppose -4*p + 113 = r - 9*p, 5*r = 2*p + 473. What is the tens digit of r?
9
Let d be (50/8)/(4/48). What is the tens digit of d/(-6)*12/(-10)?
1
Let k be (-168)/98*(-14)/4. Suppose -d = 5*h + 6, d - 2 = 2*h + k. What is the units digit of d?
4
Let j = 17 + -9. What is the units digit of j?
8
Suppose 32 = -z - 4*t - 0, -z = 5*t + 36. Let u = z - -26. What is the units digit of u?
0
Suppose 1 = -4*a + 9. Suppose -2*u + 42 = a*g, 0 = 4*u - g + 4*g - 83. What is the units digit of u?
0
Suppose -7 = -2*a + 219. Suppose 41 = -2*m + a. What is the units digit of m/(-2)*5/(-10)?
9
Let d be -1 + 36/4*1. Suppose -2*o + 12 + d = 0. What is the tens digit of o?
1
Suppose 0 = 3*v + 2*v - 40. Let u = v + -6. What is the units digit of u?
2
Let t(n) = -n**3 + 4*n**2 - 3*n + 2. Let q be t(3). Suppose 0 = -3*i - 3*c, -4*i + 5 = -i + q*c. Suppose i*k - 2*k - 3 = 0. What is the units digit of k?
1
Let w(f) = 2 - 2 + 3 + 11*f. What is the units digit of w(3)?
6
Suppose 87 = p + 3*s, 5*s = -0*p - 2*p + 173. Suppose 0*q + 3*q - p = 0. Let c = -18 + q. What is the tens digit of c?
1
Let h(g) = 5*g**3 - g**2 - g + 1. Let o be h(1). Suppose -4*s - 8 + 32 = -4*v, 3*s - 17 = o*v. What is the units digit of s?
7
Suppose 3*x + 17 = -n, 0 = n - 5*n + 2*x - 82. Let c = 5 - n. What is the tens digit of c?
2
Suppose -126 = -5*x + 84. What is the tens digit of x?
4
Let i(b) = b**2 - 5*b + 1. Let k be i(5). Let a be 7/3 - k/3. Suppose 4*m = -16, 0 = -a*h - 3*m + 1 + 7. What is the units digit of h?
0
Let z(y) = 6*y - 21. What is the units digit of z(5)?
9
Suppose 5*z + c + 15 = 0, -2*c + 0*c = 0. Let a = z - -27. What is the tens digit of a?
2
Let l = -8 + 33. Suppose 2*z + l = 57. What is the tens digit of z?
1
Suppose 0 = -h - 5, 2*m - 2*h - 16 = 0. Suppose -9 = -m*g + 6. Suppose -g*a + 22 + 18 = 0. What is the units digit of a?
8
Let a(l) = -7*l. Let d(i) = -2*i. Let k(r) = -6*a(r) + 22*d(r). Let n be k(1). What is the units digit of n/(-3 - -1 - 0)?
1
Let d(f) = -2*f + 21. What is the units digit of d(-6)?
3
Let g(h) = -16*h**2 - 2*h. Suppose 1 = -y + 3. Let a be g(y). What is the units digit of a/(-12) - (-2)/6?
6
Suppose 5*n = 50 + 950. What is the hundreds digit of n?
2
Let g(v) = -v**3 - 4*v**2 + 3*v - 3. What is the tens digit of g(-6)?
5
Let f(h) = -h**2 - 10*h - 9. Suppose -4*p + 22 - 2 = 0. Suppose -3*s = -p*r - 17 + 56, 0 = -3*s + 2*r - 30. What is the units digit of f(s)?
7
Let i be -2*(1 - -3)/(-2). Suppose -13 = -v - i. What is the units digit of v?
9
Suppose -12 = -2*u - 0*u. Suppose 4*p - u = -2. What is the units digit of p?
1
Let b be (-3)/(-2) + (-1626)/(-12). Suppose -3*d = 5*p - 0*d + b, -5*p = d + 139. Let f = -18 - p. What is the units digit of f?
0
Let m = -7 - -24. Suppose -l + m = -2*n, -3*l - l + 5*n = -80. What is the tens digit of l?
2
Let o = -14 + 30. What is the tens digit of o?
1
Suppose q - 8 = -3*q. Let m be q*2 + -3 + 3. Suppose -m*a = -2*a - 8. What is the units digit of a?
4
Let z = 0 + 0. Suppose -5*a - 26 = -p + 6, 4*p - 3 = -5*a. What is the units digit of p + 2/(-4)*z?
7
Let z(p) = p**3 + p**2 + 14*p - 13. What is the tens digit of z(6)?
2
Let q(w) = 7*w + 11. Let y(l) = -6*l - 10. Let t(b) = -5*q(b) - 6*y(b). What is the tens digit of t(8)?
1
Let w(g) be the second derivative of g**3/2 - g**2 - 2*g. Let z(p) = -7*p + 4. Let r(k) = -5*w(k) - 2*z(k). What is the units digit of r(-4)?
6
Let j be 20/2 + 4 + -5. What is the units digit of 3/j + (-250)/(-6)?
2
Let m(b) = 2*b - 1. Let f be m(3). Let x(z) = 3*z**2 - z + 1. Let s be x(1). Let p = f - s. What is the units digit of p?
2
Suppose -8 = -z - z. Let c = 7 - z. What is the units digit of c?
3
Suppose -5*p = -12 - 3. Let s = 8 - 5. Suppose p*b + 6 = 5*l - 4, -s*b = 2*l - 25. What is the units digit of l?
5
Suppose t - 3*t = -2, 4*j + 5*t = 93. Suppose -4*z = -2*z - j. What is the tens digit of z?
1
Suppose 2*p + 2*q + 2 = 3*q, -2*p = 2*q + 8. Let m be -2*1/p*7. Suppose -m*r = -3*r - 36. What is the units digit of r?
9
What is the units digit of (1 + 4)/(1/7)?
5
What is the tens digit of -502*9